8. Suppose -s*i + g = -29. List the prime factors of i.
19
Suppose 4 = 4*i - 4. Suppose -3*z + 141 = i*q + 2*q, 4*q = 12. What are the prime factors of z?
43
Suppose 2*l = 10 - 0. List the prime factors of l.
5
Let n = -2 - -2. Let o be (-10)/(-2)*(-2)/(-10). What are the prime factors of (n - o) + 2 + 8?
3
Suppose 2*k = -4*x - 2*k, 3*x - 4 = -k. Suppose -120 = -x*m - 44. What are the prime factors of m?
2, 19
Let x = -70 - -180. List the prime factors of x.
2, 5, 11
Suppose r + 2*b = 6*r - 522, 338 = 3*r + 5*b. What are the prime factors of r?
2, 53
Suppose 0 = -3*y + 7*y + f - 3, 0 = 3*y - 5*f + 15. Let q(d) = d + 46. List the prime factors of q(y).
2, 23
Let s(p) be the first derivative of -p**3/3 - 11*p**2/2 + 8*p + 4. What are the prime factors of s(-10)?
2, 3
Let j(w) = w + 4. Let x be j(-5). Let u be x + 2 + 3/3. Suppose 2*k - 3 = k - 3*m, -3*k - u*m + 23 = 0. List the prime factors of k.
3
Suppose -m - 16 = -3*m. What are the prime factors of m?
2
Let b be (-11)/(-4) - 3/(-12). Let o = -1 + b. List the prime factors of o.
2
Let s = -69 - -123. List the prime factors of s.
2, 3
Suppose -n + 3*n - 122 = 0. What are the prime factors of n?
61
Let c(m) = 0 - 1 + m**2 - 3*m + 2. List the prime factors of c(8).
41
Let i be (0 - 2)*15/(-6). Suppose 6*w = 4*w - 6. Let j = i + w. What are the prime factors of j?
2
Let z = -45 - -79. Suppose n + 5*w - 38 = -0*w, 0 = 3*n - w - z. What are the prime factors of n?
13
Let w be -2*(-2 + -1) - 1. Let k = w + 2. List the prime factors of k.
7
Let t = 11 + -8. Suppose -t*s + 21 = 3*u - 42, u = -2. Suppose -3*y + 4 = -s. What are the prime factors of y?
3
Suppose -4*i = -5*x + 3, 0*i + i + 6 = 3*x. Suppose 3*y - 5*f = 14, 4*f + x = -4*y + 11. Suppose -y*o + 1 = -5. What are the prime factors of o?
2
Suppose -7 - 8 = -5*d. Suppose d*w + 60 = -2*w. Let u = 24 + w. List the prime factors of u.
2, 3
List the prime factors of 6/(-2) + (-2 - -22).
17
Suppose 4*c + 92 + 12 = 0. Let u = c + 54. What are the prime factors of u?
2, 7
Suppose 0 = 2*w - 2*k - 2, 7 = 4*w - 3*w + k. Let v be w*(2/(-8) - 1). Let m = 2 - v. List the prime factors of m.
7
Let s(w) = w**2 + w - 8. List the prime factors of s(-8).
2, 3
Let i(n) = 229*n**3 - 2*n**2 - n + 2. What are the prime factors of i(1)?
2, 3, 19
Let z(c) = -c**2 - 10*c - 10. Let s be z(-8). Let g be 0/(2*3/s). Let j(p) = p**2 + p + 10. What are the prime factors of j(g)?
2, 5
Let u = -17 + 15. Let i = u - -20. What are the prime factors of i?
2, 3
Suppose -5*l = -4*k + 427, -3*l - 537 = -4*k - k. What are the prime factors of k?
2, 3
Let z = -48 - -19. List the prime factors of (-4 + z)*4/(-6).
2, 11
Let l(w) = 8*w**2. Let g be l(-2). Let x = -18 + g. What are the prime factors of x?
2, 7
Let x(q) = -4 - 6*q - q**2 + 5*q + 28. List the prime factors of x(0).
2, 3
Suppose -5*h + 920 = 4*a, 2*h - 3*h + 200 = 4*a. List the prime factors of h.
2, 3, 5
Let p(j) = -j - 6. Let c be p(-5). Let i = c - -4. Let r(h) = h**2 - 3*h + 4. What are the prime factors of r(i)?
2
List the prime factors of (-5)/((-15)/(-27))*-4.
2, 3
Let o(l) = -4*l - 2. Let z be o(4). Let b = 0 - z. List the prime factors of b.
2, 3
Suppose -5*v + v - 193 = -3*u, -2*v - 203 = -3*u. List the prime factors of u.
71
Let l(x) = 3*x - 6. Let o be l(3). Suppose -o*t + 194 - 74 = 5*q, q + 4*t = 24. What are the prime factors of q?
2, 3
Let u(l) be the third derivative of -l**4/24 + 2*l**3/3 - l**2. Let j be u(0). Suppose -5*g - 38 = -2*a, 5*a + j*g = -0*a + 95. What are the prime factors of a?
19
Let r be (-6)/(-4)*2/(-3). Let z be -4*((-1)/(-2))/r. Suppose z*m - 11 = -c, 3 - 5 = -m + 3*c. List the prime factors of m.
5
Let k = -19 - -60. List the prime factors of k.
41
Let p(f) = -f**3 + 10*f**2 + 12*f + 1. What are the prime factors of p(11)?
2, 3
Let p = -18 + 81. List the prime factors of p.
3, 7
Let o(y) = 2*y**2 - 5*y - 5. Let r(z) = z - 2. Let a be r(8). List the prime factors of o(a).
37
Suppose 3*p + 5 = 4*p. Suppose -4*s + p*s = 23. What are the prime factors of 6/9*-3 + s?
3, 7
Let g be (-1 + -3)*115/(-20). Let z = g - -2. Let v = -14 + z. List the prime factors of v.
11
Suppose -3*q = 4*o - 5*o + 20, 0 = -2*o + 5*q + 42. Let f = o + -14. List the prime factors of f.
2, 3
Suppose -4*i + 16*i - 1980 = 0. List the prime factors of i.
3, 5, 11
Suppose -2*c + 90 + 54 = 0. Suppose -5*q + 8 = -12, 4*y = -4*q + c. List the prime factors of y.
2, 7
Suppose 3*b + 4*t - 145 = 0, 3*t + 49 = b + 4*t. List the prime factors of b.
3, 17
Suppose 4*f + 184 = 4*m, 5*m - 14 = -5*f + 186. List the prime factors of m.
43
Let t be 1 + 5 - (-2)/(-1). Suppose 0 = -z - t*z + 155. What are the prime factors of z?
31
Suppose -1 = n + 2. Suppose 9*s = 10*s. What are the prime factors of s + 2 - 1 - n?
2
Suppose -6*n + 2*n + 72 = 0. Suppose 0 = 5*c - 63 + n. Let r = c + -3. What are the prime factors of r?
2, 3
List the prime factors of (-12)/(-21) + 395/7.
3, 19
Let f(i) = -7*i + 8. List the prime factors of f(-8).
2
Suppose 50 = -8*i + 3*i. Let q = 34 + i. What are the prime factors of q?
2, 3
Suppose w = -2*s - 9, -5*w + 4*s = -4 + 7. Let k be (-12)/(-2) + (-5 - w). Suppose -k*j + 31 = -17. List the prime factors of j.
2, 3
Let z(u) = -2*u + 16. Let s(d) = -3*d - 5. Let a be s(3). What are the prime factors of z(a)?
2, 11
Suppose 2*b = 3*b - 13. What are the prime factors of b?
13
Suppose l - h = 20, l + 56 = 4*l + h. Let a = l + -10. Suppose -27 = -4*r + a. What are the prime factors of r?
3
Let q(y) = y + 12. Suppose 2*s = -z - z - 18, s - 23 = 3*z. Let d be q(z). Suppose -d*v + 0*n + 46 = 2*n, -6 = -2*n. List the prime factors of v.
2, 5
Suppose -5*l = 5, -420 = -4*h - 3*l - 135. List the prime factors of h.
2, 3
Suppose -2*m + 183 + 87 = -q, 0 = -2*m + 4*q + 282. List the prime factors of m.
7, 19
Suppose -4*a = -4*b + 52, 2*a + 12 = 3*b - 17. Let m = 7 - a. List the prime factors of m.
17
Suppose 3*x - 41 = -9*p + 4*p, -16 = -2*p - x. List the prime factors of p.
7
Suppose -4*g - 592 = -12*g. List the prime factors of g.
2, 37
Let m(q) = 4*q - 5. Let h be m(2). Suppose 21 = h*u + 2*v, -5*u + 2*v = -3*v - 10. What are the prime factors of u?
5
Let s(a) = -6*a**2 + a + 12. What are the prime factors of s(0)?
2, 3
Let v be 4/((-24)/(-10))*81. Suppose 5*g - v = -0*g. What are the prime factors of g?
3
Suppose 2 = -2*i - 2. Let l be (3/6)/(i/60). List the prime factors of ((-20)/l)/((-1)/(-3)).
2
Suppose -4*r = -304 - 352. List the prime factors of r.
2, 41
Suppose 2*z - 92 = -4*s, z = 4*s + 43 - 135. Suppose s = 3*h - 2*u, -4*h = h + 3*u - 51. Suppose -4*o + 7 = -h. List the prime factors of o.
2
Suppose 4*x - 12 = x - j, -4*x - 4*j = -16. Suppose -3*h + 22 = x. Let d = 12 - h. List the prime factors of d.
2, 3
Suppose -4*m = -2*m - 68. What are the prime factors of m?
2, 17
Let r(v) = v**3 + v**2 - 3*v - 2. What are the prime factors of r(3)?
5
What are the prime factors of (-1599)/(-27) - (-2)/(-9)?
59
Let m = 0 + 8. Suppose 0 = 2*u - k + 1 - 3, -4*k - m = 0. Suppose -5*x + x - 5*s = -17, x + 2*s - 5 = u. What are the prime factors of x?
3
What are the prime factors of 94/(-2)*(-3 - -2)?
47
Suppose -11 = -x + 13. Let o = 16 + x. What are the prime factors of o?
2, 5
Let q(i) = -i - 2. Let o be q(-6). Suppose x = 2*s - 3*x - 8, o*s + 4*x - 4 = 0. Suppose 0 = l - s*l + 5. What are the prime factors of l?
5
Let r be (90/12)/((-3)/(-4)). Suppose -5 - r = -5*v. What are the prime factors of v?
3
Let n be ((-3)/(-2))/((-3)/(-164)). Suppose -3*r - 4*v + n = -15, -5*v = -2*r + 34. What are the prime factors of r?
3
Suppose -z = 2*z. Suppose -2*x - 225 = -5*q - z*x, -3*q - x = -146. List the prime factors of q.
47
Suppose 160 = 2*y + 4*l, -l - 32 = -y + 57. What are the prime factors of y?
2, 43
Let c = -23 - -47. What are the prime factors of c?
2, 3
Let v(w) = w**3 + w**2 - w + 2. Let g be v(-2). Suppose g = -2*a - 0*a + 40. What are the prime factors of a?
2, 5
Let c(z) = -3*z - 16. List the prime factors of c(-13).
23
Let v(c) = c**2 + 9*c - 53. What are the prime factors of v(10)?
137
Let n(w) = 0*w + 0*w + 5*w - 4*w - 6. Let o be n(10). Suppose 5*k - 51 = 2*u + 7, o*u + 44 = 4*k. List the prime factors of k.
2, 3
Suppose m + 6 = -0*m. Let c be 6/4*(-100)/m. Suppose -2*r + k = 2*k - 11, 4*r - c = -5*k. What are the prim